{"id":15,"date":"2025-07-24T21:09:37","date_gmt":"2025-07-24T19:09:37","guid":{"rendered":"https:\/\/chriswpolsce25.pl\/?page_id=15"},"modified":"2025-07-24T21:09:37","modified_gmt":"2025-07-24T19:09:37","slug":"kontakt","status":"publish","type":"page","link":"https:\/\/chriswpolsce25.pl\/index.php\/kontakt\/","title":{"rendered":"Kontakt"},"content":{"rendered":"\n<p>Spotkania w Warszawie i Krakowie: Magdalena Maci\u0144ska 507 485 272<\/p>\n\n\n\n<p>Spotkania organizowane przez inne podmioty: linki podane przy wydarzeniu<\/p>\n\n\n\n<p>Mo\u017cna te\u017c do nas pisa\u0107 na e-mail: kontakt@chriswpolsce25.pl<\/p>\n","protected":false},"excerpt":{"rendered":"<p>Spotkania w Warszawie i Krakowie: Magdalena Maci\u0144ska 507 485 272 Spotkania organizowane przez inne podmioty: linki podane przy wydarzeniu Mo\u017cna te\u017c do nas pisa\u0107 na e-mail: kontakt@chriswpolsce25.pl<\/p>\n","protected":false},"author":1,"featured_media":0,"parent":0,"menu_order":0,"comment_status":"closed","ping_status":"closed","template":"","meta":{"footnotes":""},"class_list":["post-15","page","type-page","status-publish","hentry"],"_links":{"self":[{"href":"https:\/\/chriswpolsce25.pl\/index.php\/wp-json\/wp\/v2\/pages\/15","targetHints":{"allow":["GET"]}}],"collection":[{"href":"https:\/\/chriswpolsce25.pl\/index.php\/wp-json\/wp\/v2\/pages"}],"about":[{"href":"https:\/\/chriswpolsce25.pl\/index.php\/wp-json\/wp\/v2\/types\/page"}],"author":[{"embeddable":true,"href":"https:\/\/chriswpolsce25.pl\/index.php\/wp-json\/wp\/v2\/users\/1"}],"replies":[{"embeddable":true,"href":"https:\/\/chriswpolsce25.pl\/index.php\/wp-json\/wp\/v2\/comments?post=15"}],"version-history":[{"count":1,"href":"https:\/\/chriswpolsce25.pl\/index.php\/wp-json\/wp\/v2\/pages\/15\/revisions"}],"predecessor-version":[{"id":16,"href":"https:\/\/chriswpolsce25.pl\/index.php\/wp-json\/wp\/v2\/pages\/15\/revisions\/16"}],"wp:attachment":[{"href":"https:\/\/chriswpolsce25.pl\/index.php\/wp-json\/wp\/v2\/media?parent=15"}],"curies":[{"name":"wp","href":"https:\/\/api.w.org\/{rel}","templated":true}]}}