{"id":31,"date":"2025-07-24T21:11:12","date_gmt":"2025-07-24T19:11:12","guid":{"rendered":"https:\/\/chriswpolsce25.pl\/?page_id=31"},"modified":"2025-07-26T11:29:06","modified_gmt":"2025-07-26T09:29:06","slug":"ojciec-chris-w-polsce","status":"publish","type":"page","link":"https:\/\/chriswpolsce25.pl\/","title":{"rendered":"Ojciec Chris w  Polsce"},"content":{"rendered":"\n<p>Ojciec Christlin Rajendram b\u0119dzie w Polsce 29 lipca &#8211; 14 sierpnia 2025. W zak\u0142adce harmonogram znajdziesz informacje o spotkaniach z nim. Materia\u0142y ze spotka\u0144 znajdziesz w zak\u0142adce multimedia.<\/p>\n\n\n\n<figure class=\"wp-block-image size-full\"><img loading=\"lazy\" decoding=\"async\" width=\"360\" height=\"480\" src=\"https:\/\/chriswpolsce25.pl\/wp-content\/uploads\/2025\/07\/766291382679215400.jpg\" alt=\"\" class=\"wp-image-79\" srcset=\"https:\/\/chriswpolsce25.pl\/wp-content\/uploads\/2025\/07\/766291382679215400.jpg 360w, https:\/\/chriswpolsce25.pl\/wp-content\/uploads\/2025\/07\/766291382679215400-225x300.jpg 225w\" sizes=\"auto, (max-width: 360px) 100vw, 360px\" \/><\/figure>\n","protected":false},"excerpt":{"rendered":"<p>Ojciec Christlin Rajendram b\u0119dzie w Polsce 29 lipca &#8211; 14 sierpnia 2025. W zak\u0142adce harmonogram znajdziesz informacje o spotkaniach z nim. Materia\u0142y ze spotka\u0144 znajdziesz w zak\u0142adce multimedia.<\/p>\n","protected":false},"author":1,"featured_media":0,"parent":0,"menu_order":0,"comment_status":"closed","ping_status":"closed","template":"","meta":{"footnotes":""},"class_list":["post-31","page","type-page","status-publish","hentry"],"_links":{"self":[{"href":"https:\/\/chriswpolsce25.pl\/index.php\/wp-json\/wp\/v2\/pages\/31","targetHints":{"allow":["GET"]}}],"collection":[{"href":"https:\/\/chriswpolsce25.pl\/index.php\/wp-json\/wp\/v2\/pages"}],"about":[{"href":"https:\/\/chriswpolsce25.pl\/index.php\/wp-json\/wp\/v2\/types\/page"}],"author":[{"embeddable":true,"href":"https:\/\/chriswpolsce25.pl\/index.php\/wp-json\/wp\/v2\/users\/1"}],"replies":[{"embeddable":true,"href":"https:\/\/chriswpolsce25.pl\/index.php\/wp-json\/wp\/v2\/comments?post=31"}],"version-history":[{"count":3,"href":"https:\/\/chriswpolsce25.pl\/index.php\/wp-json\/wp\/v2\/pages\/31\/revisions"}],"predecessor-version":[{"id":80,"href":"https:\/\/chriswpolsce25.pl\/index.php\/wp-json\/wp\/v2\/pages\/31\/revisions\/80"}],"wp:attachment":[{"href":"https:\/\/chriswpolsce25.pl\/index.php\/wp-json\/wp\/v2\/media?parent=31"}],"curies":[{"name":"wp","href":"https:\/\/api.w.org\/{rel}","templated":true}]}}