{"id":81,"date":"2025-07-26T12:19:00","date_gmt":"2025-07-26T10:19:00","guid":{"rendered":"https:\/\/chriswpolsce25.pl\/?page_id=81"},"modified":"2025-08-04T15:36:15","modified_gmt":"2025-08-04T13:36:15","slug":"duchowosc-i-wielokulturowosc-rozmowa-wokol-ksiazki-dialogi-o-wierze","status":"publish","type":"page","link":"https:\/\/chriswpolsce25.pl\/index.php\/duchowosc-i-wielokulturowosc-rozmowa-wokol-ksiazki-dialogi-o-wierze\/","title":{"rendered":"Duchowo\u015b\u0107 i wielokulturowo\u015b\u0107 -rozmowa wok\u00f3\u0142 ksi\u0105\u017cki &#8222;Dialogi o wierze&#8221;"},"content":{"rendered":"\n<figure class=\"wp-block-image size-large\"><img loading=\"lazy\" decoding=\"async\" width=\"1024\" height=\"576\" src=\"https:\/\/chriswpolsce25.pl\/wp-content\/uploads\/2025\/08\/spotkanie-w-persepolish-1024x576.png\" alt=\"\" class=\"wp-image-127\" srcset=\"https:\/\/chriswpolsce25.pl\/wp-content\/uploads\/2025\/08\/spotkanie-w-persepolish-1024x576.png 1024w, https:\/\/chriswpolsce25.pl\/wp-content\/uploads\/2025\/08\/spotkanie-w-persepolish-300x169.png 300w, https:\/\/chriswpolsce25.pl\/wp-content\/uploads\/2025\/08\/spotkanie-w-persepolish-768x432.png 768w, https:\/\/chriswpolsce25.pl\/wp-content\/uploads\/2025\/08\/spotkanie-w-persepolish-1200x675.png 1200w, https:\/\/chriswpolsce25.pl\/wp-content\/uploads\/2025\/08\/spotkanie-w-persepolish.png 1280w\" sizes=\"auto, (max-width: 1024px) 100vw, 1024px\" \/><\/figure>\n\n\n\n<p>Z udzia\u0142em Katarzyny Jab\u0142o\u0144skiej \u2013 filmoznawczyni,&nbsp; redaktorki \u201eWi\u0119zi\u201d i o. Christlina Rajendrama SJ \u2013 trenera Porozumienia bez Przemocy (NVC), prowadz\u0105cego warsztaty z komunikacji na ca\u0142ym \u015bwiecie, mi\u0142o\u015bnika film\u00f3w<\/p>\n\n\n\n<p>Prowadzenie: Magdalena Maci\u0144ska, jedna z t\u0142umaczek ksi\u0105\u017cki, wsp\u00f3\u0142organizatorka wizyty o. Christlina Rajendrama<\/p>\n\n\n\n<p>Jakie jest miejsce duchowo\u015bci we wsp\u00f3\u0142czesnej kulturze, zw\u0142aszcza filmowej? Czy opowie\u015bci o \u015bwiecie odleg\u0142ym kulturowo mog\u0105 pom\u00f3c wsp\u00f3\u0142czesnemu Europejczykowi zrozumie\u0107 \u015bwiat? Jak godzi\u0107 odr\u0119bno\u015b\u0107 kulturow\u0105 z warto\u015bciami kultury i wiary przyniesionej przez Europejczyk\u00f3w na inne kontynenty?<\/p>\n\n\n\n<p>O tych pytaniach b\u0119dziemy dyskutowa\u0107.<\/p>\n\n\n\n<p>Spotkanie odb\u0119dzie si\u0119 z t\u0142umaczeniem konsekutywnym angielsko-polskim. Organizowane jest przez Fundacj\u0119 Marebito oraz Dom Kultury i Zabaw Persepolish we wsp\u00f3\u0142pracy z Wydawnictwem \u201eWi\u0119\u017a\u201d.<\/p>\n\n\n\n<p>Na miejscu b\u0119dzie mo\u017cliwo\u015b\u0107 zakupu ksi\u0105\u017cki wydanej przez wydawnictwo \u201eWi\u0119\u017a\u201d oraz WAM.<\/p>\n","protected":false},"excerpt":{"rendered":"<p>Z udzia\u0142em Katarzyny Jab\u0142o\u0144skiej \u2013 filmoznawczyni,&nbsp; redaktorki \u201eWi\u0119zi\u201d i o. Christlina Rajendrama SJ \u2013 trenera Porozumienia bez Przemocy (NVC), prowadz\u0105cego warsztaty z komunikacji na ca\u0142ym \u015bwiecie, mi\u0142o\u015bnika film\u00f3w Prowadzenie: Magdalena Maci\u0144ska, jedna z t\u0142umaczek ksi\u0105\u017cki, wsp\u00f3\u0142organizatorka wizyty o. Christlina Rajendrama Jakie jest miejsce duchowo\u015bci we wsp\u00f3\u0142czesnej kulturze, zw\u0142aszcza filmowej? Czy opowie\u015bci o \u015bwiecie odleg\u0142ym kulturowo [&hellip;]<\/p>\n","protected":false},"author":1,"featured_media":0,"parent":0,"menu_order":0,"comment_status":"closed","ping_status":"closed","template":"","meta":{"footnotes":""},"class_list":["post-81","page","type-page","status-publish","hentry"],"_links":{"self":[{"href":"https:\/\/chriswpolsce25.pl\/index.php\/wp-json\/wp\/v2\/pages\/81","targetHints":{"allow":["GET"]}}],"collection":[{"href":"https:\/\/chriswpolsce25.pl\/index.php\/wp-json\/wp\/v2\/pages"}],"about":[{"href":"https:\/\/chriswpolsce25.pl\/index.php\/wp-json\/wp\/v2\/types\/page"}],"author":[{"embeddable":true,"href":"https:\/\/chriswpolsce25.pl\/index.php\/wp-json\/wp\/v2\/users\/1"}],"replies":[{"embeddable":true,"href":"https:\/\/chriswpolsce25.pl\/index.php\/wp-json\/wp\/v2\/comments?post=81"}],"version-history":[{"count":2,"href":"https:\/\/chriswpolsce25.pl\/index.php\/wp-json\/wp\/v2\/pages\/81\/revisions"}],"predecessor-version":[{"id":128,"href":"https:\/\/chriswpolsce25.pl\/index.php\/wp-json\/wp\/v2\/pages\/81\/revisions\/128"}],"wp:attachment":[{"href":"https:\/\/chriswpolsce25.pl\/index.php\/wp-json\/wp\/v2\/media?parent=81"}],"curies":[{"name":"wp","href":"https:\/\/api.w.org\/{rel}","templated":true}]}}