{"id":85,"date":"2025-07-26T12:33:48","date_gmt":"2025-07-26T10:33:48","guid":{"rendered":"https:\/\/chriswpolsce25.pl\/?page_id=85"},"modified":"2025-08-06T09:20:04","modified_gmt":"2025-08-06T07:20:04","slug":"braterskie-rozmowy","status":"publish","type":"page","link":"https:\/\/chriswpolsce25.pl\/index.php\/braterskie-rozmowy\/","title":{"rendered":"Braterskie rozmowy"},"content":{"rendered":"\n<figure class=\"wp-block-image size-large\"><img loading=\"lazy\" decoding=\"async\" width=\"1024\" height=\"1024\" src=\"https:\/\/chriswpolsce25.pl\/wp-content\/uploads\/2025\/08\/nostra-aetate-plakat-1024x1024.jpg\" alt=\"\" class=\"wp-image-124\" srcset=\"https:\/\/chriswpolsce25.pl\/wp-content\/uploads\/2025\/08\/nostra-aetate-plakat-1024x1024.jpg 1024w, https:\/\/chriswpolsce25.pl\/wp-content\/uploads\/2025\/08\/nostra-aetate-plakat-300x300.jpg 300w, https:\/\/chriswpolsce25.pl\/wp-content\/uploads\/2025\/08\/nostra-aetate-plakat-150x150.jpg 150w, https:\/\/chriswpolsce25.pl\/wp-content\/uploads\/2025\/08\/nostra-aetate-plakat-768x768.jpg 768w, https:\/\/chriswpolsce25.pl\/wp-content\/uploads\/2025\/08\/nostra-aetate-plakat.jpg 1080w\" sizes=\"auto, (max-width: 1024px) 100vw, 1024px\" \/><\/figure>\n\n\n\n<p>&#8222;Braterskie rozmowy 60 lat po og\u0142oszeniu Deklaracji&nbsp;<em>Nostra aetate<\/em>&#8221; to panel dyskusyjny z udzia\u0142em praktyk\u00f3w dialogu mi\u0119dzyreligijnego, kt\u00f3ry odb\u0119dzie si\u0119 6 sierpnia 2025 w Europejskim Centrum Komunikacji i Kultury przy ul. Oleckiej 30 w Warszawie Falenicy. Rozpocz\u0119cie o godz. 17:30,&nbsp;6 sierpnia 2025.<\/p>\n\n\n\n<p>Spotkanie odbywa si\u0119 w roku sze\u015b\u0107dziesi\u0105tej rocznicy og\u0142oszenia przez Sob\u00f3r II Watyka\u0144ski <em>Deklaracji o stosunku Ko\u015bcio\u0142a do religii niechrze\u015bcija\u0144skich<\/em>oraz wizyty w Polsce ojca Christlina Rajendrama SJ, kt\u00f3ry prowadzi na ca\u0142ym \u015bwiecie warsztaty z komunikacji sprzyjaj\u0105cej porozumieniu. Ma do\u015bwiadczenie pracy z lud\u017ami z r\u00f3\u017cnych \u015brodowisk oraz \u015bwiatopogl\u0105d\u00f3w oraz \u017cycia w kraju bole\u015bnie do\u015bwiadczonym przez wojn\u0119.<\/p>\n\n\n\n<p><\/p>\n\n\n\n<p>Udzia\u0142 wezm\u0105:<\/p>\n\n\n\n<ul class=\"wp-block-list\">\n<li><strong>Prof. Agata Skowron-Nalborczyk,<\/strong> wsp\u00f3\u0142przewodnicz\u0105ca ze strony katolickiej Rady Wsp\u00f3lnej Katolik\u00f3w i Muzu\u0142man\u00f3w, kierownik zak\u0142adu Islamu Europejskiego Wydzia\u0142u Orientalistyki Uniwersytetu Warszawskiego, cz\u0142onkini Komitetu Konferencji Episkopatu Polski ds. Dialogu z Religiami Niechrze\u015bcija\u0144skimi,<\/li>\n\n\n\n<li><strong>Ks. prof. Andrzej Perzy\u0144ski,<\/strong> profesor nauk teologicznych, cz\u0142onek Komitetu Konferencji Episkopatu Polski ds. Dialogu z Judaizmem, prezes Stowarzyszenia im. Jerzego Turowicza,<\/li>\n\n\n\n<li><strong>Prof. Jerzy Sojka<\/strong>, cz\u0142onek zarz\u0105du Polskiej Rady Chrze\u015bcijan i \u017byd\u00f3w ze strony chrze\u015bcija\u0144skiej, teolog lutera\u0144ski, profesor Chrze\u015bcija\u0144skiej Akademii Teologicznej (ChAT),<\/li>\n\n\n\n<li><strong>Havva Merve Bulut, <\/strong>nauczycielka islamu, ma licencjat teologii muzu\u0142ma\u0144skiej na Uniwersytecie w Ankarze, wolontariuszka w Platformie Mi\u0119dzywyznaniowej Instytutu Dialogu Dunaj,<\/li>\n\n\n\n<li>Rabin <strong>Dawid Szychowski,<\/strong> rabin przy Synagodze No\u017cyk\u00f3w w Warszawie, cz\u0142onek cz\u0142onek CER<br>(Conference of European Rabbis). Absolwent programu  CER \u201eRabiniczna przysz\u0142o\u015b\u0107 Europy\u201d.<\/li>\n\n\n\n<li><strong>O. dr Christlin Rajendram SJ<\/strong>, trener komunikacji, \u0142\u0105cz\u0105cy w swoim podej\u015bciu ewangeliczne przes\u0142anie i praktyk\u0119 Porozumienia bez Przemocy (NVC).<\/li>\n<\/ul>\n\n\n\n<p>Panel otworzy o. <strong>Wojciech \u017bmudzi\u0144ski SJ<\/strong>, dyrektor ECCC, publicysta, autor ksi\u0105\u017cek z dziedziny duchowo\u015bci.<\/p>\n\n\n\n<p>Spotkanie poprowadzi <strong>Magdalena Maci\u0144sk<\/strong>a \u2013 t\u0142umaczka ksi\u0105\u017cki <em>Jules Isaac \u017bydowskie Sumienie Ko\u015bcio\u0142a<\/em> (Austeria 2025), kt\u00f3ra m.in. przedstawia kontekst uchwalenia Nostra Aetate, wsp\u00f3\u0142organizatorka wizyty ojca Chrisa w Polsce.<\/p>\n\n\n\n<p>Prelegenci podziel\u0105 si\u0119 dobrymi do\u015bwiadczeniami w zakresie dialogu mi\u0119dzyreligijnego oraz trudno\u015bciami z jakimi si\u0119 mierz\u0105 zar\u00f3wno w dialogu, jak i wobec istniej\u0105cych uprzedze\u0144 co do ich wyzna\u0144 oraz tym, jak dialog religijny mo\u017ce sprzyja\u0107 budowaniu braterstwa.<\/p>\n\n\n\n<p>Rozmowa odb\u0119dzie si\u0119 w j\u0119zyku angielskim i polskim (z t\u0142umaczeniem konsekutywnym).<\/p>\n\n\n\n<p>Spotkanie odbywa si\u0119 pod patronatem Polskiej Rady Chrze\u015bcijan i \u017byd\u00f3w, Wsp\u00f3lnej Rady Katolik\u00f3w i Muzu\u0142man\u00f3w, &#8222;Wi\u0119zi&#8221; Klub\u00f3w Tygodnika Powszechnego oraz Kongresu Katoliczek i Katolik\u00f3w<\/p>\n","protected":false},"excerpt":{"rendered":"<p>&#8222;Braterskie rozmowy 60 lat po og\u0142oszeniu Deklaracji&nbsp;Nostra aetate&#8221; to panel dyskusyjny z udzia\u0142em praktyk\u00f3w dialogu mi\u0119dzyreligijnego, kt\u00f3ry odb\u0119dzie si\u0119 6 sierpnia 2025 w Europejskim Centrum Komunikacji i Kultury przy ul. Oleckiej 30 w Warszawie Falenicy. Rozpocz\u0119cie o godz. 17:30,&nbsp;6 sierpnia 2025. Spotkanie odbywa si\u0119 w roku sze\u015b\u0107dziesi\u0105tej rocznicy og\u0142oszenia przez Sob\u00f3r II Watyka\u0144ski Deklaracji o [&hellip;]<\/p>\n","protected":false},"author":1,"featured_media":0,"parent":0,"menu_order":0,"comment_status":"closed","ping_status":"closed","template":"","meta":{"footnotes":""},"class_list":["post-85","page","type-page","status-publish","hentry"],"_links":{"self":[{"href":"https:\/\/chriswpolsce25.pl\/index.php\/wp-json\/wp\/v2\/pages\/85","targetHints":{"allow":["GET"]}}],"collection":[{"href":"https:\/\/chriswpolsce25.pl\/index.php\/wp-json\/wp\/v2\/pages"}],"about":[{"href":"https:\/\/chriswpolsce25.pl\/index.php\/wp-json\/wp\/v2\/types\/page"}],"author":[{"embeddable":true,"href":"https:\/\/chriswpolsce25.pl\/index.php\/wp-json\/wp\/v2\/users\/1"}],"replies":[{"embeddable":true,"href":"https:\/\/chriswpolsce25.pl\/index.php\/wp-json\/wp\/v2\/comments?post=85"}],"version-history":[{"count":5,"href":"https:\/\/chriswpolsce25.pl\/index.php\/wp-json\/wp\/v2\/pages\/85\/revisions"}],"predecessor-version":[{"id":129,"href":"https:\/\/chriswpolsce25.pl\/index.php\/wp-json\/wp\/v2\/pages\/85\/revisions\/129"}],"wp:attachment":[{"href":"https:\/\/chriswpolsce25.pl\/index.php\/wp-json\/wp\/v2\/media?parent=85"}],"curies":[{"name":"wp","href":"https:\/\/api.w.org\/{rel}","templated":true}]}}